vative of 1/6*w**3 + 12*w**2 - 88 + 1/12*w**4 + 1/20*w**5 + w. Give v(0).
24
Suppose 2*y = 4*a + 18, -5*y - 4*a + 4 - 1 = 0. Let j(v) = -3*v + 9. Let w(h) = 5*h - 14. Let z(r) = -8*j(r) - 5*w(r). Determine z(y).
-5
Let r = 23893 + -23883. Let t(z) = -z**2 + z - 10. Calculate t(r).
-100
Let v(b) = -b - 2. Let a(y) = -y**2 + 119*y + 627. Let l be a(-5). Give v(l).
-9
Suppose 0 = 19*k - 9 - 22 - 45. Let n(y) = -y**3 + 3*y**2 + 7*y - 21. What is n(k)?
-9
Suppose -42 - 17 = -m. Let s = m + -53. Let b(n) = -8*n**2 + 3 + 0 + 7*n**2 + s*n - 4. Determine b(5).
4
Let u(c) = c**3 - 7*c**2 - 366*c + 32. Let h be u(-16). Let g(n) = -n**2 + 11. What is g(h)?
11
Suppose 0 = -3*v - 212 + 260. Let a(z) = 0 + 970*z**2 - 969*z**2 - v*z - 5. Determine a(16).
-5
Let m(x) = 9*x**2 + 35*x + 21. Let y(r) = 5*r**2 + 18*r + 11. Let b(n) = 6*m(n) - 11*y(n). Suppose -3*f - 5*f + 96 = -0*f. Determine b(f).
5
Let s(o) = o**3 - 2*o**2 - 1. Suppose -8*c + 9*c + 2 = -4*z, -z = -3*c - 19. Let p be (-1)/(c/24*2). Calculate s(p).
-1
Let p(r) be the second derivative of r**6/120 + r**5/15 - r**4/6 + r**3/2 + 46*r**2 - 4*r - 10. Let m(c) be the first derivative of p(c). Give m(-5).
-2
Let c(w) be the second derivative of 9*w - 2 + 1/12*w**4 + 5/6*w**3 - 3*w**2. Calculate c(-6).
0
Suppose 10*g - 42 + 52 = 0. Let w(n) = 22*n**3 - n**2 - 6*n - 5. Calculate w(g).
-22
Suppose 0*l - 5*l + 20 = 0, -2*i + 26 = 5*l. Let a(z) = z**3 + z - 3. Calculate a(i).
27
Let w(t) = 9 + 8*t - 3 + 3 + t**2. Let f(d) = -9*d + 30. Suppose 195*s = 200*s - 20. Let o be f(s). Determine w(o).
-3
Let i(p) be the first derivative of -p**2/2 + 5*p - 3. Let g = 13 + -23. Let k(u) = -u - 18. Let y be k(g). Give i(y).
13
Let v(l) = -2*l**3 - 4*l**2 - 2*l**3 + 3 + 3*l**3 - 3*l + 0*l. Suppose -3*h + 3*z = 5 + 16, 0 = h - 3*z + 13. Give v(h).
15
Suppose -x + 26 = -4*z, 3*z = -5*x - z + 58. Let p be 273/52*(x/6 - 1). Let o(i) = i - 2. Determine o(p).
5
Suppose 114*k - 2 = 113*k - s, -k - 4*s + 20 = 0. Let r(i) = -i**3 + 16*i + 3. Determine r(k).
3
Let p(t) be the first derivative of -3*t**2 - t + 4. Suppose 5*s + 2*g + 13 = 0, 4*g + 21 = -4*s + 1. Determine p(s).
5
Let p(m) = 2*m**2 + 11*m - 3. Suppose -5*b = 3*j + 19, 26*b - 1 = 25*b. Determine p(j).
37
Let j(b) = 4*b**2 + 10*b - 1. Let g(v) = 3*v**2 + 9*v. Let o(u) = -6*g(u) + 5*j(u). Calculate o(-1).
1
Let n(w) = -w + 16. Suppose 8 = -3*u + d - 9, 4*u + 4*d - 4 = 0. Let t be (3 - 360/(-32)) + 1/u. Give n(t).
2
Let m(z) be the third derivative of -z**8/6720 + z**7/360 - z**6/180 - z**5/20 + 29*z**4/12 - 96*z**2. Let a(q) be the second derivative of m(q). What is a(6)?
6
Let i(c) = -2*c + 26. Let l(v) = -3*v + 78. Let p(g) = 8*i(g) - 3*l(g). Let m(z) = -13*z - 50. Let f(t) = -6*m(t) + 11*p(t). Give f(-7).
7
Let j be 1/(-2) + (-10)/4. Let c(m) be the first derivative of 2*m**2 + 10*m - 862. Give c(j).
-2
Let x(u) = 21*u - 70. Let g(c) = -10*c + 38. Let h(w) = 9*g(w) + 4*x(w). Determine h(11).
-4
Let n(o) be the first derivative of o**6/360 + o**4/24 - 41*o**3/3 + 58. Let w(h) be the third derivative of n(h). What is w(-4)?
17
Suppose 111*y + 36 = 117*y. Let t(q) = 21*q**2 - 3*q + y*q - q**3 - 13*q**2 - 1. What is t(8)?
23
Let u(w) = -w**3 + w**2 + 2*w + 1. Let a(z) = -4*z**3 - 15*z**2 + 48*z - 37. Let d(p) = a(p) - 5*u(p). Calculate d(18).
-6
Let t = 4 + -2. Suppose 2*l - 40 = 5*b, t*l + 3 = -3*b - 21. Let u(q) = q - 43691*q**2 + 5*q - 9 + 43692*q**2. Give u(b).
7
Let y(b) = -7*b + 4. Let d be -1 + (-249 - (-14)/(-7)). Let o be d/(-98) + (-9)/(-21). Calculate y(o).
-17
Let z(s) = -5*s - 14. Let y be z(10). Let x = y - -61. Let a(m) be the second derivative of -m**4/12 - 2*m**3/3 + m**2/2 + 4*m. Determine a(x).
4
Let t(i) be the first derivative of 31*i**2/2 + 30. Suppose -8*a + 8 = -0. Calculate t(a).
31
Let j(m) = -m**2 - 192*m + 786. Let h be j(4). Let p(v) be the first derivative of 2*v - 6 + 1/2*v**h. Calculate p(4).
6
Let w(p) be the second derivative of -p**3/6 + 28*p**2 + 30*p. Let j be w(-8). Let s = j + -67. Let z(o) = 2*o**2 + 3*o + 2. Determine z(s).
11
Let p = -2256 - -2249. Let a(s) = s**2 + 10*s + 24. What is a(p)?
3
Let v(z) = -z**3 + z**2 + 2*z + 2. Suppose -4*g + 2*d = 22, -57 + 35 = -3*g - 4*d. Give v(g).
10
Suppose -12*g = 88 - 184. Let t(q) = -2*q**2 + 19*q - 22. Determine t(g).
2
Let s = 960 - 579. Let b = s - 374. Let q(u) = -u**3 + 7*u**2 + 2*u - 14. Determine q(b).
0
Suppose -3*v + a = 32, -3*v + 0 - 7 = 4*a. Suppose -12 = -6*m - 0*m. Let c(x) = -5*x - 11 - 5*x - 413*x**2 + 412*x**m. What is c(v)?
-2
Let f(b) be the first derivative of b**3/3 + 3*b**2/2 - 33*b - 34. Let z(c) be the first derivative of f(c). Suppose 8*s = 6*s + 8. Calculate z(s).
11
Suppose 0*f - 1 = b - 2*f, -f + 11 = b. Let y(u) = 17*u**3 + u**2 - 8*u + 10. Let x(j) = -11*j**3 - 3*j**2 + 8*j - 9. Let l(s) = -3*x(s) - 2*y(s). What is l(b)?
-49
Let s(t) = -3*t - 4. Let p = 400 - 398. Suppose 0 = 3*q - 5*g + 18, 0 = q - p*g - 2 + 8. Give s(q).
14
Let x(f) = f**3 + 9*f**2 - 23*f - 12. Let z = -4965 - -4954. Calculate x(z).
-1
Let s(v) = -7*v**3 - 17*v**2 + 53*v - 4. Let q(j) = -j**3 - 2*j**2 - 2*j. Let d(o) = -6*q(o) + s(o). What is d(6)?
-10
Let d(b) = -3*b + 1. Let g(i) = -27*i + 19. Let w(r) = 10*r - 7. Let u(q) = -4*g(q) - 11*w(q). Let a(v) = 5*d(v) - 7*u(v). Determine a(-2).
0
Let c = -6 + 12. Let v(f) be the second derivative of f**5/20 - 5*f**4/12 - f**2 + 3267*f. Calculate v(c).
34
Let b(r) be the first derivative of r**3/3 - r**2 - 4*r + 2. Suppose -4*c - 1648 = t - 4*t, c = 5. Suppose t - 552 = y. Determine b(y).
4
Let m(o) = o**3 + 1015 - 920 + 6*o + 24*o**2 - 6*o**2. What is m(-18)?
-13
Let z(u) be the second derivative of 114*u + 0 - 2/3*u**3 - 1/2*u**2. What is z(6)?
-25
Let m(w) = 5*w**2 + 35*w. Let o(g) = 3*g**2 + 18*g + 1. Let t(d) = -4*m(d) + 7*o(d). Determine t(10).
-33
Let f(l) = 0*l - 2*l - 1 + 3*l. Let u(i) = -i**2 + 3*i - 2. Suppose 3*q + n = -1, 2*q + n - 1 = -3. Let p(g) = q*u(g) - 4*f(g). Calculate p(-2).
0
Let y(q) = 3*q**2 + 45*q - 9*q + 3 - 21 + 11 + 33. What is y(-11)?
-7
Let p(m) = 5*m**2 + 6*m + 10. Let d(q) = -7*q**2 - 7*q - 12. Let r(l) = -4*l**2 - 8*l - 3. Let o be r(-2). Let z(v) = o*d(v) - 4*p(v). Determine z(3).
-4
Let n(g) = 359 + 18*g**2 + 2*g - 736 + g**3 + 386 - g**2. Calculate n(-17).
-25
Let v(z) = 259*z + 1073. Let x be v(-4). Let w(d) = d**3 - 38*d**2 + 39*d - 66. Determine w(x).
8
Let f(p) = p**2 - 7*p + 3. Let j be ((-36)/2)/(22/4 + -5). Let z = -33 - j. Suppose s - z = 5. Calculate f(s).
11
Let u(v) = 16*v**2 + 5*v + 6. Let p(r) = r**3 + 108*r**2 - 683*r + 111. Let d be p(-114). Determine u(d).
135
Let u = -5 + 3. Let d(q) = 323*q - 3. Let z(w) = -144*w + 1. Let t(j) = 8*d(j) + 18*z(j). Let r be t(u). Let x(k) = k**2 - 12*k + 10. What is x(r)?
-10
Let u(i) be the first derivative of -1/2*i**2 - 4*i + 75. Let q(b) = b**2 + 6*b + 7. Let p be q(-5). What is u(p)?
-6
Let c(a) = a**2 + 7. Suppose v - 739 = -5*n, 11*n = -v + 15*n + 766. Let r = 758 - v. Determine c(r).
23
Let w = -16 + 81. Let v = -58 + w. Let q(s) = s - 7*s + v*s. Determine q(9).
9
Let b(l) be the second derivative of -1/12*l**4 + 7*l**2 - 7*l - l**3 + 0. Let q be b(-8). Let t(x) = -3*x - 3. Give t(q).
3
Let w(k) = 6*k**2 - 85*k + 1117. Let t(h) = -2*h**2 + 23*h - 372. Let l(p) = 8*t(p) + 3*w(p). Determine l(29).
-2
Let s(q) = -q - 3. Let k(x) = x**3 + 13*x**2 - 6*x - 75. Let w be k(-13). Calculate s(w).
-6
Let f(s) = -3*s + 26. Let d(n) = 23*n**2 + 22*n + 11. Let t be d(-1). Calculate f(t).
-10
Let u = -21 + 25. Let j(f) = f**2 - u + 0*f + 3*f + 0. Suppose -3*a + a + 4*n = 26, -5*n = 5*a + 5. Calculate j(a).
6
Let y(p) = 26 + 0*p**3 + 14*p - 65 + p**3 + 8*p**2 + 36. Give y(-3).
0
Let l(o) = -o**2 + 10*o + 52. Let h(s) = -217*s - 1289. Let f be h(-6). What is l(f)?
13
Let a be ((-6)/6)/(2/6). Let b be (-19)/a + 20/12. Let c(g) = -g + 2. Determine c(b).
-6
Let p(n) = -n**2 + 12*n + 8. Let r be (0 + 14)*102/119. Let j be p(r). Let f(z) = z**2 - 10*z + 8. Calculate f(j).
-8
Let z(y) = -16*y + 3*y + 8*y + 4*y + 2 + 0*y. Suppose 3*j - 35 - 37 = 0. Suppose c + j = -2*c. Calculate z(c).
10
Let x(c) be the first derivative of c - 1/2*c**2 + 145. Suppose -4*z - 2*b = 16, -3 = -z + 2*b + 3. What is x(z)?
3
Let m(h) = 5*h + 6. Let g = -148 - -147. Let v be m(g). Let r(k) = -7*k